rmine c(-3).
33
Let b(w) = 24*w + 160. Give b(-6).
16
Let z(s) = -s**3 - 10*s**2 - 10*s + 3. Give z(-9).
12
Let w(h) = 3*h - 3. What is w(-4)?
-15
Let r(a) = -a**2 + 2*a + 57. Determine r(0).
57
Let x(i) = 19*i + 40. Give x(-2).
2
Let h(x) = x**2 - 9*x - 30. What is h(10)?
-20
Let g(f) = -2*f**3 - 46*f**2 - 2*f - 52. Determine g(-23).
-6
Let z(l) = -51*l + 54. What is z(1)?
3
Let c(s) = s**2 - 20*s + 32. Calculate c(13).
-59
Let q(w) = w**2 - 2*w + 67. Calculate q(0).
67
Let w(t) = -103*t - 2. What is w(1)?
-105
Let z(t) = -t**3 - 3*t**2 + 2. Calculate z(-2).
-2
Let z(l) = 25*l**3 + l**2 - 2*l + 1. What is z(1)?
25
Let x(i) = 6*i**2 + 4*i. Give x(-2).
16
Let a(w) = -w**3 + 15*w**2 + 20*w - 61. What is a(16)?
3
Let a(p) = p**2 - 15*p - 10. Give a(16).
6
Let d(s) = -s + 11. What is d(5)?
6
Let a(u) = 10*u - 211. Give a(15).
-61
Let o(l) = l**3 - 9*l**2 + 11*l - 28. Give o(8).
-4
Let d(j) = j**3 - 4*j**2 - 9*j - 12. Calculate d(6).
6
Let z(r) = -r**3 + 3*r**2 + 2*r - 7. What is z(3)?
-1
Let x(r) = 27*r - 1. Give x(-3).
-82
Let d(f) = 2*f - 39. What is d(17)?
-5
Let z(t) = -t**2 - 6*t - 2. Calculate z(-3).
7
Let f(g) = -g**2 + 7*g + 27. What is f(8)?
19
Let m(k) = -k + 26. What is m(14)?
12
Let r(n) = -4*n**2 - 2*n - 6. Give r(3).
-48
Let s(b) = -98*b - 100. What is s(-1)?
-2
Let r(s) = -s**2 - 9*s - 7. Calculate r(-8).
1
Let p(h) = 33*h - 1157. Determine p(35).
-2
Let g(h) = h**2 + h + 37. Give g(0).
37
Let c(f) = -f**2 + 10*f + 15. What is c(12)?
-9
Let c(g) = -g**2 + 3*g - 3. Determine c(7).
-31
Let y(r) = r**3 - 35*r**2 - 38*r + 85. Calculate y(36).
13
Let w(a) = -a. What is w(-17)?
17
Let h(x) = x**3 + 14*x**2 + 41*x - 15. Calculate h(-9).
21
Let i(r) = -r**3 + 8*r**2 + 15*r - 1. Give i(9).
53
Let a(f) = -10*f + 82. Determine a(9).
-8
Let r(c) = 3*c - 73. Give r(9).
-46
Let m(d) = d**3 - 5*d**2 - 19*d + 13. Determine m(7).
-22
Let x(t) = -10*t - 13. Give x(-3).
17
Let u(l) = l**2 + 15*l - 6. What is u(-16)?
10
Let t(z) = z**3 - 30*z**2 + 163*z - 42. Give t(23).
4
Let z(w) = -w**2 - w - 3. Calculate z(6).
-45
Let z(m) = 6*m**3 - 97*m**2 + 15*m + 22. What is z(16)?
6
Let z(y) = -2*y**2 + 30*y - 19. Calculate z(14).
9
Let n(h) = -h + 2. Determine n(2).
0
Let d(h) = -h**3 - 8*h**2 + 13*h - 2. Calculate d(-9).
-38
Let h(j) = -j**3 + 5*j**2 + j + 15. Calculate h(5).
20
Let x(h) = -h**3 - 8*h**2 + 8*h - 14. Determine x(-9).
-5
Let i(w) = -2*w**3 - 13*w**2 - 7*w + 6. What is i(-6)?
12
Let k(h) = -5*h - 13. Determine k(-6).
17
Let b(j) = 3*j**3 - 12*j**2 - 3*j + 17. Give b(4).
5
Let t(i) = 9*i - 119. Calculate t(14).
7
Let p(a) = 2*a**3 - 14*a**2 + 16*a - 15. Give p(6).
9
Let x(a) = 9*a + 12. Calculate x(0).
12
Let s(u) = u**3 - 9*u**2 + 4*u + 27. Determine s(8).
-5
Let v(t) = 7*t - 7. What is v(1)?
0
Let u(z) = 4*z - 1. Calculate u(-15).
-61
Let t(p) = -p**3 + 6*p**2 - 6*p + 10. Determine t(5).
5
Let v(p) = -p**3 + 5*p**2 - 4*p - 2. Give v(5).
-22
Let l(u) = 5*u**3 - 5*u**2 + 10*u - 7. Calculate l(2).
33
Let o(s) = -s**3 - 5*s**2 - s + 3. Calculate o(-3).
-12
Let y(q) = -15*q + 123. Determine y(8).
3
Let c(l) = -12*l - 93. Calculate c(-9).
15
Let o(s) = 360*s + 1442. Calculate o(-4).
2
Let m(r) = r**3 + 8*r**2 + 13. What is m(-8)?
13
Let a(b) = 3*b + 46. What is a(-16)?
-2
Let j(d) = -140*d**2 + 2100*d + 3. What is j(15)?
3
Let c(p) = 2*p**3 + 16*p**2 + 22*p - 11. Give c(-6).
1
Let m(w) = w**2 - 3*w + 43. Determine m(11).
131
Let d(q) = -q**3 + 11*q**2 - 7*q - 21. Give d(10).
9
Let g(p) = -19*p - 253. Determine g(-13).
-6
Let d(c) = -c**3 + 7*c**2 + 11*c - 26. What is d(8)?
-2
Let u(k) = k**2 - 22. What is u(0)?
-22
Let m(q) = -20*q**3 + 2*q + 1. What is m(-1)?
19
Let c(u) = -13*u**2 + 3*u + 2. What is c(-1)?
-14
Let o(b) = b**3 + 14*b**2 - b + 10. What is o(-14)?
24
Let d(f) = -f**3 - f**2 + 4*f - 3. What is d(-4)?
29
Let f(h) = h**3 + 26*h**2 - h + 62. Determine f(-26).
88
Let v(h) = -2*h**3 + 25*h**2 + 13*h + 2. Calculate v(13).
2
Let m(l) = l + 4. What is m(17)?
21
Let u(w) = -w**2 - 7*w - 3. Determine u(-11).
-47
Let v(o) = 9*o + 14. What is v(-10)?
-76
Let b(r) = 4*r - 50. Give b(12).
-2
Let t(r) = -r**3 - 36*r**2 - 68*r + 5. Determine t(-34).
5
Let i(x) = 5*x**2 - 44*x + 13. Calculate i(9).
22
Let g(a) = -a**3 - 9*a**2 - 19*a - 12. Give g(-7).
23
Let u(q) = q**2 + q + 4. Determine u(-3).
10
Let i(p) = 2*p**3 - 12*p**2 - 5. Calculate i(6).
-5
Let j(m) = -4*m**2 - 5*m - 3. Determine j(-2).
-9
Let l(r) = 2*r**2 - 10*r - 166. Give l(12).
2
Let x(k) = k**3 - 10*k**2 + 12*k + 1. Give x(9).
28
Let w(q) = q - 2. What is w(6)?
4
Let t(q) = q**3 - 26*q**2 + 22*q + 31. Calculate t(25).
-44
Let h(a) = -3*a**2 + 2*a + 1. What is h(-1)?
-4
Let o(f) = -2*f**3 + 3*f**2 + f - 2. Give o(2).
-4
Let z(d) = -d**3 + 3*d**2 + d + 7. Calculate z(4).
-5
Let c(b) = -9*b**2 - 2*b. Determine c(1).
-11
Let a(j) = 7*j - 429. What is a(61)?
-2
Let r(v) = -v**2 - 3*v - 13. What is r(5)?
-53
Let a(r) = -3*r + 12. Determine a(-6).
30
Let v(x) = -x + 12. Give v(6).
6
Let y(p) = -p**2 - 6*p - 9. Determine y(-8).
-25
Let k(i) = 4*i - 5. Calculate k(-4).
-21
Let l(j) = -j**3 - 9*j**2 - 18*j - 32. Determine l(-6).
-32
Let v(z) = 6*z - 224. What is v(35)?
-14
Let x(b) = -4*b + 15. Determine x(5).
-5
Let u(s) = -9*s + 19. What is u(2)?
1
Let z(b) = -5*b - 12. Give z(-2).
-2
Let g(r) = r**2 - 10*r + 12. What is g(7)?
-9
Let x(l) = 22*l + 9. Determine x(3).
75
Let r(z) = z**3 + 2*z**2 + 2*z - 10. What is r(0)?
-10
Let x(v) = v - 3. Give x(3).
0
Let b(r) = -14*r + 2. Determine b(4).
-54
Let d(b) = b**2 - 15*b + 25. Determine d(13).
-1
Let g(h) = -h + 22. Calculate g(12).
10
Let z(t) = 5*t + 68. Calculate z(-13).
3
Let d(o) = -5*o + 70. What is d(23)?
-45
Let y(z) = -z**3 - 6*z**2 - 5*z - 6. Determine y(-5).
-6
Let o(k) = -7*k + 5. Give o(8).
-51
Let c(f) = -5*f + 5. Calculate c(3).
-10
Let d(n) = -12*n - 408. Determine d(-33).
-12
Let b(v) = -4*v + 33. Give b(8).
1
Let n(r) = 4*r + 46. Give n(-11).
2
Let k(c) = 3*c + 1. Determine k(11).
34
Let k(f) = -f**3 + f**2 + 9*f - 3. What is k(4)?
-15
Let f(a) = 41*a + 298. Calculate f(-7).
11
Let a(n) = n - 4. Calculate a(-8).
-12
Let o(x) = -19*x - 88. Determine o(-5).
7
Let w(q) = 11*q - 116. Determine w(11).
5
Let z(o) = -o**3 + 22*o**2 - 14*o - 5. Calculate z(21).
142
Let o(a) = -a**3 + 20*a**2 - 3*a + 75. What is o(20)?
15
Let a(y) = -2*y. What is a(0)?
0
Let l(g) = -6*g**2 + 31*g + 2. Give l(5).
7
Let m(t) = t**3 - 23*t**2 + 9. Determine m(23).
9
Let z(p) = p**2 - 18*p + 16. Determine z(14).
-40
Let m(j) = 15*j - 12. Give m(7).
93
Let t(m) = -12*m - 344. Determine t(-29).
4
Let v(x) = -x**3 + 11*x**2 - 11*x - 27. What is v(10)?
-37
Let z(l) = -5*l**2 + 24*l + 50. Determine z(-2).
-18
Let z(i) = -i**3 - 8*i**2 + i + 4. Give z(-6).
-74
Let m(n) = -5*n**2 - 9*n - 7. Determine m(-5).
-87
Let v(y) = -y**3 + 5*y**2 - 4*y. Give v(4).
0
Let q(h) = 20*h**3 - 2*h**2 + 4*h - 2. Give q(1).
20
Let f(y) = 14*y**2 - 6*y - 4. Determine f(-2).
64
Let t(m) = m**3 - 17*m**2 + 18*m - 24. Calculate t(16).
8
Let x(z) = z**2 - 31*z + 59. Calculate x(32).
91
Let u(h) = 8*h - 276. What is u(34)?
-4
Let q(b) = -5*b + 6. Give q(4).
-14
Let j(u) = u**3 + 16*u**2 - 2*u - 33. What is j(-16)?
-1
Let b(y) = y**2 + 13*y + 6. What is b(-3)?
-24
Let y(r) = -5*r**3 + 8*r**2 + 9*r + 2. Determine y(-1).
6
Let l(u) = 14*u + 115. What is l(-8)?
3
Let s(r) = -r + 4. Determine s(-2).
6
Let f(t) = -t**2 - 11*t + 35. Determine f(-8).
59
Let w(i) = -i**2 + i + 6. Calculate w(0).
6
Let l(y) = -y**3 - 14*y**2 - 24*y + 20. Give l(-12).
20
Let s(o) = -4*o**2 + 10. Give s(0).
10
Let n(b) = b**3 - b**2 + 8*b - 7. Determine n(1).
1
Let l(z) = -57*z - 2. Give l(1).
-59
Let q(v) = -v**3 + 24*v**2 - 2*v + 52. What is q(24)?
4
Let o(a) = a - 8. What is o(7)?
-1
Let b(l) = 6*l - 2. Calculate b(2).
10
Let w(z) = -9*z + 3. What is w(2)?
-15
Let g(u) = 4*u - 25. Determine g(7).
3
Let m(h) = -h**3 - 20*h**2 - 21*h - 41. Determine m(-19).
-3
Let t(u) = 6*u. Determine t(-4).
-24
Let f(r) = r**3 - 2*r**2 + 5. Determine f(0).
5
Let v(j) = -2*j + 5. Calculate v(9).
-13
Let i(l) = -l + 22. Determine i(17).
5
Let p(u) = 19*u**2 - 75*u - 7. What is p(4)?
-3
Let w(c) = 5*c - 163. Determine w(21).
-58
Let h(t) = 4*t - 1. Give h(0).
-1
Let y(n) = -2*n - 10. Give y(-6).
2
Let u(j) = j**3 + 9*j**2 + 5*j - 4